t of 2199426136?
2
What is the millions digit of 120692800?
0
What is the hundreds digit of 117363690?
6
What is the hundreds digit of 3755030883?
8
What is the ten millions digit of 986121586?
8
What is the hundred millions digit of 4373256537?
3
What is the ten thousands digit of 894555029?
5
What is the tens digit of 1042516104?
0
What is the hundreds digit of 2502203451?
4
What is the hundred thousands digit of 1510003694?
0
What is the hundred thousands digit of 154992125?
9
What is the ten millions digit of 516369309?
1
What is the tens digit of 115750461?
6
What is the hundred millions digit of 964689296?
9
What is the hundreds digit of 564263121?
1
What is the ten thousands digit of 244306782?
0
What is the hundreds digit of 45359496?
4
What is the hundreds digit of 27458283?
2
What is the units digit of 178046145?
5
What is the thousands digit of 90765899?
5
What is the tens digit of 260442606?
0
What is the tens digit of 51012074?
7
What is the tens digit of 1764964491?
9
What is the ten thousands digit of 2131574971?
7
What is the tens digit of 104909696?
9
What is the tens digit of 31900296?
9
What is the millions digit of 10438794?
0
What is the units digit of 661653090?
0
What is the tens digit of 2276815877?
7
What is the ten thousands digit of 43667671?
6
What is the hundred thousands digit of 1312798584?
7
What is the hundreds digit of 37581804?
8
What is the thousands digit of 391413765?
3
What is the ten millions digit of 140229973?
4
What is the tens digit of 687593679?
7
What is the units digit of 253778902?
2
What is the hundred thousands digit of 17773116?
7
What is the hundreds digit of 1354695941?
9
What is the ten millions digit of 1266930113?
6
What is the hundred thousands digit of 478534628?
5
What is the thousands digit of 112735810?
5
What is the units digit of 183239668?
8
What is the hundreds digit of 961488932?
9
What is the thousands digit of 1803542952?
2
What is the millions digit of 4678428202?
8
What is the tens digit of 360598166?
6
What is the millions digit of 2042768040?
2
What is the millions digit of 37966027?
7
What is the hundreds digit of 1840702?
7
What is the tens digit of 1192975799?
9
What is the hundred thousands digit of 121177271?
1
What is the hundred thousands digit of 223753330?
7
What is the units digit of 1301967?
7
What is the hundred thousands digit of 3779841655?
8
What is the thousands digit of 5535364832?
4
What is the thousands digit of 77472885?
2
What is the ten thousands digit of 1691928736?
2
What is the hundred thousands digit of 794779046?
7
What is the units digit of 11790354?
4
What is the millions digit of 7973189934?
3
What is the thousands digit of 3520872687?
2
What is the units digit of 1435632142?
2
What is the ten millions digit of 48890786?
4
What is the units digit of 258472561?
1
What is the billions digit of 2942047230?
2
What is the units digit of 2699352861?
1
What is the hundreds digit of 38201230?
2
What is the tens digit of 50019565?
6
What is the hundred thousands digit of 2105364101?
3
What is the units digit of 34741649?
9
What is the ten millions digit of 59055724?
5
What is the tens digit of 1716711316?
1
What is the thousands digit of 19091213?
1
What is the millions digit of 401577784?
1
What is the thousands digit of 2274078?
4
What is the thousands digit of 68530772?
0
What is the tens digit of 1495294344?
4
What is the billions digit of 6262563982?
6
What is the tens digit of 77979370?
7
What is the ten thousands digit of 38186001?
8
What is the thousands digit of 28265724?
5
What is the millions digit of 6540337635?
0
What is the hundreds digit of 114320358?
3
What is the units digit of 858875758?
8
What is the units digit of 241095645?
5
What is the hundreds digit of 79932736?
7
What is the ten millions digit of 71093827?
7
What is the hundred millions digit of 134244740?
1
What is the tens digit of 897160358?
5
What is the billions digit of 4530247312?
4
What is the tens digit of 272014149?
4
What is the thousands digit of 204003437?
3
What is the billions digit of 3085632686?
3
What is the thousands digit of 1278996752?
6
What is the hundreds digit of 106347686?
6
What is the units digit of 204528105?
5
What is the thousands digit of 30922259?
2
What is the hundreds digit of 151225782?
7
What is the units digit of 2937707880?
0
What is the hundred thousands digit of 963293004?
2
What is the millions digit of 51078141?
1
What is the hundred thousands digit of 8131618?
1
What is the hundreds digit of 110315521?
5
What is the units digit of 585884710?
0
What is the ten thousands digit of 1387941993?
4
What is the tens digit of 1779906463?
6
What is the millions digit of 642631842?
2
What is the billions digit of 3569659411?
3
What is the millions digit of 1690915867?
0
What is the hundreds digit of 2167315551?
5
What is the thousands digit of 221356814?
6
What is the ten thousands digit of 2245381845?
8
What is the hundreds digit of 109572659?
6
What is the hundred thousands digit of 9679260?
6
What is the units digit of 6328112727?
7
What is the hundred millions digit of 287795942?
2
What is the hundred millions digit of 2070902004?
0
What is the hundred thousands digit of 287183358?
1
What is the ten thousands digit of 23299747?
9
What is the hundreds digit of 751303849?
8
What is the billions digit of 6315302240?
6
What is the ten thousands digit of 38825247?
2
What is the billions digit of 2333515177?
2
What is the millions digit of 260140697?
0
What is the hundred millions digit of 285427599?
2
What is the thousands digit of 93467427?
7
What is the thousands digit of 416331690?
1
What is the thousands digit of 12146230?
6
What is the thousands digit of 53964687?
4
What is the hundreds digit of 48334159?
1
What is the hundreds digit of 293824904?
9
What is the thousands digit of 1319169851?
9
What is the units digit of 751390423?
3
What is the units digit of 7250626401?
1
What is the thousands digit of 113684715?
4
What is the hundred millions digit of 3850375806?
8
What is the ten thousands digit of 21071714?
7
What is the hundred thousands digit of 88979178?
9
What is the hundred thousands digit of 920702193?
7
What is the ten millions digit of 214511449?
1
What is the ten millions digit of 7154267689?
5
What is the ten millions digit of 60410618?
6
What is the billions digit of 3448489660?
3
What is the ten thousands digit of 20234309?
3
What is the ten millions digit of 207217297?
0
What is the units digit of 483305683?
3
What is the ten thousands digit of 15195698?
9
What is the tens digit of 16423208?
0
What is the hundred thousands digit of 18072789?
0
What is the hundred thousands digit of 46923245?
9
What is the millions digit of 1256201331?
6
What is the tens digit of 77287042?
4
What is the thousands digit of 402973346?
3
What is the hundreds digit of 2418031537?
5
What is the thousands digit of 6510516088?
6
What is the millions digit of 59328327?
9
What is the tens digit of 2991377814?
1
What is the thousands digit of 97754823?
4
What is the millions digit of 60188403?
0
What is the thousands digit of 41876628?
6
What is the ten thousands digit of 103976209?
7
What is the units digit of 154904950?
0
What is the thousands digit of 1085897216?
7
What is the hundred thousands digit of 54315818?
3
What is the millions digit of 13790280?
3
What is the thousands digit of 9747494?
7
What is the thousands digit of 131397818?
7
What is the units digit of 662332940?
0
What is the thousands digit of 573611524?
1
What is the hundreds digit of 335544553?
5
What is the units digit of 116455707?
7
What is the thousands digit of 145809973?
9
What is the ten thousands digit of 3582108829?
0
What is the hundred thousands digit of 255056039?
0
What is the millions digit of 336150372?
6
What is the ten thousands digit of 975102659?
0
What is the thousands digit of 303041835?
1
What is the hundreds digit of 1169921120?
1
What is the units digit of 1252186764?
4
What is the hundreds digit of 981370?
3
What is the ten thousands digit of 1445990669?
9
What is the ten millions digit of 117267433?
1
What is the hundreds digit of 13780387?
3
What is the hundred millions digit of 1906162339?
9
What is the hundred millions digit of 1860143557?
8
What 